 12, -4*k - f*l - 6 = -30. What is the units digit of k?
1
Suppose -8*k = -13*k + 850. What is the units digit of k?
0
Let t(h) = -18*h**3. Let o be (-2)/4*(-4)/(-2). What is the units digit of t(o)?
8
Let q = 315 + -183. What is the tens digit of q?
3
Let w(h) = -4*h + 6. Let n = 9 - 18. Let o be w(n). Suppose -5*v - o = -8*v. What is the units digit of v?
4
Let y = 18 - -41. Let q = -25 + y. What is the units digit of q?
4
Let w(d) be the third derivative of d**5/60 + d**4/12 + d**3/2 + d**2. Let t = 0 + -2. What is the units digit of w(t)?
3
Suppose h - 80 = -3*s, -2*h - 120 = -5*s - h. What is the units digit of s?
5
Let c(i) = -87*i**3 + 2*i**2 + i - 1. What is the units digit of c(-1)?
7
Let h = 11 - 9. Let q(y) = 3*y**2 + 2*y - 1. Let b be q(1). What is the units digit of (h/b)/((-4)/(-16))?
2
Suppose -n = -0*n - 8. Let l be 2/n + 22/8. Let k = -1 + l. What is the units digit of k?
2
Let t(q) = -3*q**3 - 3*q**2 + 2*q + 5. What is the hundreds digit of t(-4)?
1
Let b = 3 + -6. Let r(u) = -6*u**3 - 9*u**2 + 2*u - 4. Let m(i) = 5*i**3 + 8*i**2 - i + 4. Let k(g) = 5*m(g) + 4*r(g). What is the units digit of k(b)?
4
Suppose 0*n + 2*n = c - 1, 2 = 2*n. What is the units digit of c?
3
Let m(c) = 4 - c + 0*c - 1 + 4. Let s be (-1)/(-1) - 4/(-1). What is the units digit of m(s)?
2
Suppose 0 = 3*w - 4*s - 232, 173 = 2*w + 3*s - 2*s. What is the units digit of w?
4
Suppose 0*i + 84 = 4*i. Let z = -5 + i. What is the tens digit of z?
1
Let m(o) = -o - 1. Suppose -45 = 5*g - 15. What is the units digit of m(g)?
5
Let q = -4 + 6. Suppose -9 = -2*r + r + q*j, r = -5*j + 2. What is the units digit of r?
7
What is the tens digit of (-5)/15*-2 + (-133)/(-3)?
4
Suppose -2*j - 2*n + 468 = 0, -6*n = -4*j - 4*n + 936. What is the hundreds digit of j?
2
Let q(l) = 2*l**3 + 7*l**2 + l - 2. Let r(i) = i**3 + i**2. Let w(v) = -q(v) + 4*r(v). What is the units digit of w(2)?
4
Let m(l) = l**3 + 2*l + 4. Let t be m(0). Suppose 0 = 5*p - t - 6, 4*j = 2*p + 116. What is the units digit of j?
0
Let n = -63 + 125. What is the tens digit of n?
6
Suppose -9*w = -7*w. Let p = w + 6. Let v = p + 9. What is the tens digit of v?
1
Suppose -13 = -3*s - 1. Let o = -1 + s. Suppose o*r - 7*r = -32. What is the units digit of r?
8
Let t = -77 + 117. Suppose -12 = u + 4*f - t, 3*u - 68 = 4*f. Suppose 2*p - u = -p. What is the units digit of p?
8
Let j = -4 + 8. Suppose 3*n = 5*n - 10, j*m = 3*n - 7. Let h = 6 + m. What is the units digit of h?
8
Let f(c) = 4*c**2 - c + 2. Let q be f(2). Suppose 0 = 4*t - 12 - q. What is the units digit of t?
7
Let j(u) = -u + 17. Let k be j(8). Let z(t) = -t**3 + 9*t**2 - 5*t - 9. Let n be z(k). What is the units digit of (-1)/3*n/2?
9
Suppose a - 2 + 3 = 0. Let b(o) = 12*o**2 + o. What is the units digit of b(a)?
1
Let f be (8/(-6))/(1/(-3)). Let t be ((-6)/f)/(5/(-480)). What is the units digit of 2/(-7) - t/(-14)?
0
Suppose -j - 1 = 0, 2*j - 150 = -3*a + 79. What is the units digit of a?
7
Let w = 203 + -40. What is the tens digit of w?
6
Let b be (6/4)/(9/(-132)). Let o = -11 - b. What is the tens digit of o?
1
Suppose 0 = -2*w - 2*w. Suppose 0*x + 4*x - 16 = w. What is the units digit of x?
4
Let f(h) = 7*h**2 + 5*h - 5. Let m(r) = 11*r**2 + 8*r - 8. Let g(n) = 8*f(n) - 5*m(n). What is the units digit of g(-1)?
1
Let a(z) = z**2 + 5*z + 5. Let f be a(-5). Suppose 2*o - 2*p = -8, f*p = 2*o - 1 + 15. Let x = o + 12. What is the units digit of x?
0
What is the tens digit of (0 - -1) + 10 - -2?
1
What is the tens digit of ((-166)/(-6))/(6*1/18)?
8
Let n be 3/(((-9)/4)/(-3)). Suppose -n*g + 12 + 0 = 0. What is the units digit of g?
3
Let h be ((-2)/(-4))/(1/6). Suppose -2*d + 5*i + 0*i = -60, h*i + 134 = 4*d. What is the tens digit of d?
3
Let w(v) = 4*v + 59. What is the units digit of w(0)?
9
What is the tens digit of 15 - -2 - (-30)/10?
2
Let g(a) = -a + 15. What is the units digit of g(-8)?
3
Let d(y) = 73*y**3 + y**2 - y + 1. What is the tens digit of d(1)?
7
Let m = -32 - -48. Suppose f + x - 5 = 0, f + 4*x = -f + m. What is the units digit of ((-5)/f - -1)*-6?
9
Suppose -2*r - 185 = -3*r + 2*z, -z + 197 = r. What is the units digit of r?
3
Let z = 1 + 31. What is the units digit of z?
2
Suppose 0*a = 2*s - 3*a - 3, 5*s - a - 1 = 0. Suppose -34 = -u + q, -2*q + 22 = u - s*q. What is the units digit of u?
0
Let o be (6/8)/((-2)/(-16)). Let u = o + 2. What is the units digit of u?
8
Suppose 69 = 3*i - 3. Suppose -s + 4*t + 12 = -i, -t - 104 = -5*s. What is the units digit of s?
0
Let j(m) = m + 6. Let x(c) = c + 7 + 11 - 7. Let q(u) = -7*j(u) + 4*x(u). What is the tens digit of q(-3)?
1
Let t(x) = 2*x - 3. Let i(n) = n**2 - n + 3. Let j be i(0). Let o be t(j). Suppose -5*q = -2*u - o - 6, 3 = q. What is the units digit of u?
3
Let b(d) = 3*d**2 - 3*d - 4. Let x be b(3). What is the units digit of x - (3/1 + -2)?
3
Suppose -b = -u + b + 72, 5*u = 5*b + 350. Suppose 0 = 3*l - u + 20. Suppose -5*c - 2*f - 2*f + l = 0, 2*c - 5*f = 13. What is the units digit of c?
4
Let z be 18/81 - (-58)/(-18). What is the units digit of (-185)/(-15) + 1/z?
2
Suppose 3*j = -2*g - 0*g + 644, -333 = -g + 4*j. What is the hundreds digit of g?
3
Let v = -68 - -119. What is the tens digit of v?
5
Let c be (-12)/18*15/(-2). Suppose 0 = n - 105 + c. Suppose -4*d + n = 12. What is the units digit of d?
2
Suppose 0 = 3*k - v + 19, 5*k + 4*v + 49 = 6. What is the units digit of k/(-3) - (-4)/6?
3
Suppose 9*k - 954 = -0*k. What is the hundreds digit of k?
1
What is the tens digit of (-472)/(-12) + 4/6?
4
Suppose 0 = -5*j + 2*r + 329, 4*j + 2*r = 3*r + 265. What is the tens digit of j?
6
Suppose 2 = m, -4*a - 12 + 44 = -4*m. What is the tens digit of a?
1
Suppose 3*l + 92 = 7*l + 4*u, 0 = 4*l - 5*u - 128. What is the tens digit of l?
2
Suppose 5*s - 1 + 10 = -4*p, 15 = -p + 3*s. What is the units digit of -4*(-3)/p - -25?
3
Suppose 0 = -4*s + 6*s - 22. Let f be (0 - -4)/(1/(-2)). Let i = f + s. What is the units digit of i?
3
Let y = -4 - -2. Let u be (-86)/8 - y/(-8). What is the units digit of 2*(u/(-2) - 1)?
9
Suppose -2*j + 0*j + 42 = 0. Let i = 46 - j. What is the units digit of i?
5
Suppose -5*w + 0*w - 5 = 0. Let k be -1 - (1 + w) - -8. Let d = 15 - k. What is the units digit of d?
8
Let z = 53 - -34. What is the units digit of z?
7
Let t = -1 - -3. Let d be (1/t)/(2/20). Let s = -3 + d. What is the units digit of s?
2
Suppose r = -k + 113, 4*k + 3*r + 128 = 576. What is the tens digit of k?
0
Let u(j) = 5*j**2 - 3 - 9*j + 2*j + 1 + j**3. Let t = -10 + 4. What is the units digit of u(t)?
4
Suppose 5*i + 4*z + 43 = 0, -3*z = -5*i + 2*z - 25. Let r(j) = j**2 + 7*j + 3. What is the units digit of r(i)?
3
Let c = -4 - -6. Suppose -3*t + s = -17, -s - 23 = -5*t - c*s. Suppose 13 = -t*n + 3, 0 = 2*h - 3*n - 40. What is the tens digit of h?
1
What is the hundreds digit of (-4 + (2 - -68))*3?
1
Let w = 153 + -94. What is the tens digit of w?
5
Let v be 8/36 - 183/(-27). Suppose -p + 4 + 2 = 0. Let w = p + v. What is the units digit of w?
3
Let b be 1/(9/15)*3. Let v(s) = -1 + 0 - b*s + 4*s. What is the units digit of v(-2)?
1
Let c = -56 + 124. What is the units digit of c?
8
Let a be (-4)/10 + 234/10. Suppose -4*p + 3*p + a = 5*t, 19 = p + 4*t. Suppose -4*c - 2*y + 38 = 0, -5*c + 4*y = -p - 12. What is the units digit of c?
7
Let p(b) = -b**3 - 7*b**2 + 2. Let g be p(-7). Suppose -u + g*u - 11 = 0. What is the units digit of u?
1
Suppose -2*r + r = -24. What is the tens digit of (1*r)/(4 + -3)?
2
What is the units digit of 1177/66 - (-2)/12?
8
Suppose -7*c + 2616 = 439. What is the units digit of c?
1
Suppose -2*v = -2*c + 108, -91 - 140 = -4*c - v. Suppose -g - 6 = 4*z, c = g + 2*g - 3*z. What is the units digit of g?
4
Let i = -168 - -191. What is the units digit of i?
3
Let a(h) = -5*h. Suppose -4*p - u + 2 = -5, p - 23 = 4*u. Let k be a(p). Let f = k - -28. What is the tens digit of f?
1
Let n(c) = -c**2 + 8*c - 9. Let m be n(6). Let d be (5 + 1)/((-3)/m). What is the units digit of ((-5)/3)/(2/d)?
5
Suppose 0 = -6*f + 2*f + 92. What is the units digit of f?
3
Suppose x = -2*x + 9. Let j(r) = -3*r**3 + 4 - r - x*r**2 + 2*r**3 - r - 3. What is the units digit of j(-3)?
7
Suppose -5*a + 130 = 5*z, -a + 2*z - 4*z + 21 = 0. What is the units digit of a?
1
Let q = 105 -